{"id":1242,"date":"2024-03-21T09:42:30","date_gmt":"2024-03-21T08:42:30","guid":{"rendered":"https:\/\/www.qmd-aesthetics.com\/?page_id=1242"},"modified":"2024-04-27T12:24:56","modified_gmt":"2024-04-27T10:24:56","slug":"leitfaehige-creme","status":"publish","type":"page","link":"https:\/\/www.qmd-aesthetics.com\/de\/leitfaehige-creme\/","title":{"rendered":"Leitf\u00e4hige Creme"},"content":{"rendered":"\n<div class=\"wp-block-cover alignfull ohneAbstandOben\" style=\"min-height:660px\"><span aria-hidden=\"true\" class=\"wp-block-cover__background has-background-dim-0 has-background-dim\"><\/span><img loading=\"lazy\" decoding=\"async\" width=\"2048\" height=\"968\" class=\"wp-block-cover__image-background wp-image-10\" alt=\"\" src=\"https:\/\/www.qmd-aesthetics.com\/wp-content\/uploads\/2024\/03\/donna.jpg\" style=\"object-position:50% 50%\" data-object-fit=\"cover\" data-object-position=\"50% 50%\" srcset=\"https:\/\/www.qmd-aesthetics.com\/wp-content\/uploads\/2024\/03\/donna.jpg 2048w, https:\/\/www.qmd-aesthetics.com\/wp-content\/uploads\/2024\/03\/donna-700x331.jpg 700w, https:\/\/www.qmd-aesthetics.com\/wp-content\/uploads\/2024\/03\/donna-768x363.jpg 768w, https:\/\/www.qmd-aesthetics.com\/wp-content\/uploads\/2024\/03\/donna-1536x726.jpg 1536w\" sizes=\"(max-width: 2048px) 100vw, 2048px\" \/><div class=\"wp-block-cover__inner-container has-global-padding is-layout-constrained wp-block-cover-is-layout-constrained\">\n<p class=\"has-text-align-center has-large-font-size\"><\/p>\n<\/div><\/div>\n\n\n\n<h1 class=\"wp-block-heading has-text-align-center\">Leitf\u00e4hige Creme<\/h1>\n\n\n\n<h2 class=\"wp-block-heading has-text-align-center\">f\u00fcr \u00e4sthetische Ger\u00e4te<\/h2>\n\n\n\n<p class=\"has-text-align-center\">Unsere leitf\u00e4hige Creme f\u00fcr \u00e4sthetische und medizinische Anwendungen \u2013 eine perfekte Erg\u00e4nzung f\u00fcr Technologien wie Radiofrequenz und Tecar. Jetzt in zwei praktischen Gr\u00f6\u00dfen erh\u00e4ltlich: 1 Lt f\u00fcr den t\u00e4glichen Bedarf und 5 Lt f\u00fcr umfangreichere Anwendungen.<\/p>\n\n\n\n<div class=\"wp-block-columns is-layout-flex wp-container-core-columns-layout-1 wp-block-columns-is-layout-flex\">\n<div class=\"wp-block-column is-vertically-aligned-center is-layout-flow wp-block-column-is-layout-flow\">\n<figure class=\"wp-block-image aligncenter size-large is-resized\"><img loading=\"lazy\" decoding=\"async\" width=\"865\" height=\"1400\" src=\"https:\/\/www.qmd-aesthetics.com\/wp-content\/uploads\/2024\/04\/leitfaehige-creme-1lt-865x1400.png\" alt=\"\" class=\"wp-image-1469\" style=\"width:624px;height:auto\" srcset=\"https:\/\/www.qmd-aesthetics.com\/wp-content\/uploads\/2024\/04\/leitfaehige-creme-1lt-865x1400.png 865w, https:\/\/www.qmd-aesthetics.com\/wp-content\/uploads\/2024\/04\/leitfaehige-creme-1lt.png 2048w, https:\/\/www.qmd-aesthetics.com\/wp-content\/uploads\/2024\/04\/leitfaehige-creme-1lt-433x700.png 433w, https:\/\/www.qmd-aesthetics.com\/wp-content\/uploads\/2024\/04\/leitfaehige-creme-1lt-768x1242.png 768w, https:\/\/www.qmd-aesthetics.com\/wp-content\/uploads\/2024\/04\/leitfaehige-creme-1lt-950x1536.png 950w\" sizes=\"(max-width: 865px) 100vw, 865px\" \/><\/figure>\n<\/div>\n\n\n\n<div class=\"wp-block-column is-vertically-aligned-center is-layout-flow wp-block-column-is-layout-flow\">\n<div class=\"wp-block-group design-1 has-global-padding is-layout-constrained wp-block-group-is-layout-constrained\" style=\"margin-bottom:0;padding-top:var(--wp--preset--spacing--10);padding-right:var(--wp--preset--spacing--10);padding-bottom:var(--wp--preset--spacing--10);padding-left:var(--wp--preset--spacing--10)\">\n<h2 class=\"wp-block-heading alignwide\" style=\"letter-spacing:-0.02em\">Eigenschaften<\/h2>\n\n\n\n<ul>\n<li><strong>Anwendung:<\/strong> Perfekt geeignet f\u00fcr verschiedene \u00e4sthetische und medizinische Anwendungen, darunter Radiofrequenz und Tecar.<\/li>\n\n\n\n<li><strong>Nicht absp\u00fclen:<\/strong> Diese spezielle Creme muss nach der Anwendung nicht abgesp\u00fclt werden, was den Komfort f\u00fcr den Anwender erh\u00f6ht.<\/li>\n\n\n\n<li><strong>Verf\u00fcgbar in 1 Lt oder 5 Lt:<\/strong> W\u00e4hlen Sie die passende Gr\u00f6\u00dfe f\u00fcr Ihre Bed\u00fcrfnisse \u2013 ob im handlichen 1 Lt Beh\u00e4lter oder im gro\u00dfz\u00fcgigen 5 Lt Beh\u00e4lter.<\/li>\n<\/ul>\n\n\n\n<h2 class=\"wp-block-heading\">Anwendung<\/h2>\n\n\n\n<p>Tragen Sie die leitf\u00e4hige Creme gro\u00dfz\u00fcgig auf die zu behandelnde Stelle auf, um eine optimale elektrische Leitf\u00e4higkeit zu gew\u00e4hrleisten. Die Creme ben\u00f6tigt nach der Anwendung kein Absp\u00fclen.<\/p>\n<\/div>\n<\/div>\n<\/div>\n\n\n\n<div class=\"wp-block-group alignfull has-accent-2-background-color has-background has-global-padding is-layout-constrained wp-block-group-is-layout-constrained\" style=\"padding-top:var(--wp--preset--spacing--50);padding-bottom:var(--wp--preset--spacing--50)\">\n<h2 class=\"wp-block-heading has-text-align-center has-base-2-color has-text-color has-link-color wp-elements-b30c36cff37581caea9eaef7ff5c79db\">Professionalit\u00e4t und Effizienz<\/h2>\n\n\n\n<h3 class=\"wp-block-heading has-text-align-center\">unserer leitf\u00e4higen Creme f\u00fcr \u00e4sthetische Ger\u00e4te \u2013 f\u00fcr eine reibungslose und angenehme Anwendung in Ihrer Praxis<\/h3>\n<\/div>\n","protected":false},"excerpt":{"rendered":"<p>Leitf\u00e4hige Creme f\u00fcr \u00e4sthetische Ger\u00e4te Unsere leitf\u00e4hige Creme f\u00fcr \u00e4sthetische und medizinische Anwendungen \u2013 eine perfekte Erg\u00e4nzung f\u00fcr Technologien wie Radiofrequenz und Tecar. Jetzt in zwei praktischen Gr\u00f6\u00dfen erh\u00e4ltlich: 1 Lt f\u00fcr den t\u00e4glichen Bedarf und 5 Lt f\u00fcr umfangreichere Anwendungen. Eigenschaften Anwendung Tragen Sie die leitf\u00e4hige Creme gro\u00dfz\u00fcgig auf die zu behandelnde Stelle auf, [&hellip;]<\/p>\n","protected":false},"author":1,"featured_media":0,"parent":0,"menu_order":0,"comment_status":"closed","ping_status":"closed","template":"","meta":{"inline_featured_image":false,"footnotes":""},"_links":{"self":[{"href":"https:\/\/www.qmd-aesthetics.com\/de\/wp-json\/wp\/v2\/pages\/1242"}],"collection":[{"href":"https:\/\/www.qmd-aesthetics.com\/de\/wp-json\/wp\/v2\/pages"}],"about":[{"href":"https:\/\/www.qmd-aesthetics.com\/de\/wp-json\/wp\/v2\/types\/page"}],"author":[{"embeddable":true,"href":"https:\/\/www.qmd-aesthetics.com\/de\/wp-json\/wp\/v2\/users\/1"}],"replies":[{"embeddable":true,"href":"https:\/\/www.qmd-aesthetics.com\/de\/wp-json\/wp\/v2\/comments?post=1242"}],"version-history":[{"count":4,"href":"https:\/\/www.qmd-aesthetics.com\/de\/wp-json\/wp\/v2\/pages\/1242\/revisions"}],"predecessor-version":[{"id":1874,"href":"https:\/\/www.qmd-aesthetics.com\/de\/wp-json\/wp\/v2\/pages\/1242\/revisions\/1874"}],"wp:attachment":[{"href":"https:\/\/www.qmd-aesthetics.com\/de\/wp-json\/wp\/v2\/media?parent=1242"}],"curies":[{"name":"wp","href":"https:\/\/api.w.org\/{rel}","templated":true}]}}

Leitfähige Creme

<div class="wp-block-cover alignfull ohneAbstandOben" style="min-height:660px"><span aria-hidden="true" class="wp-block-cover__background has-background-dim-0 has-background-dim"></span><img loading="lazy" decoding="async" width="2048" height="968" class="wp-block-cover__image-background wp-image-10" alt="" src="https://www.qmd-aesthetics.com/wp-content/uploads/2024/03/donna.jpg" style="object-position:50% 50%" data-object-fit="cover" data-object-position="50% 50%" srcset="https://www.qmd-aesthetics.com/wp-content/uploads/2024/03/donna.jpg 2048w, https://www.qmd-aesthetics.com/wp-content/uploads/2024/03/donna-700x331.jpg 700w, https://www.qmd-aesthetics.com/wp-content/uploads/2024/03/donna-768x363.jpg 768w, https://www.qmd-aesthetics.com/wp-content/uploads/2024/03/donna-1536x726.jpg 1536w" sizes="(max-width: 2048px) 100vw, 2048px" /><div class="wp-block-cover__inner-container has-global-padding is-layout-constrained wp-block-cover-is-layout-constrained">
<p class="has-text-align-center has-large-font-size"></p>
</div></div>



<h1 class="wp-block-heading has-text-align-center">Leitfähige Creme</h1>



<h2 class="wp-block-heading has-text-align-center">für ästhetische Geräte</h2>



<p class="has-text-align-center">Unsere leitfähige Creme für ästhetische und medizinische Anwendungen – eine perfekte Ergänzung für Technologien wie Radiofrequenz und Tecar. Jetzt in zwei praktischen Größen erhältlich: 1 Lt für den täglichen Bedarf und 5 Lt für umfangreichere Anwendungen.</p>



<div class="wp-block-columns is-layout-flex wp-container-core-columns-layout-1 wp-block-columns-is-layout-flex">
<div class="wp-block-column is-vertically-aligned-center is-layout-flow wp-block-column-is-layout-flow">
<figure class="wp-block-image aligncenter size-large is-resized"><img loading="lazy" decoding="async" width="865" height="1400" src="https://www.qmd-aesthetics.com/wp-content/uploads/2024/04/leitfaehige-creme-1lt-865x1400.png" alt="" class="wp-image-1469" style="width:624px;height:auto" srcset="https://www.qmd-aesthetics.com/wp-content/uploads/2024/04/leitfaehige-creme-1lt-865x1400.png 865w, https://www.qmd-aesthetics.com/wp-content/uploads/2024/04/leitfaehige-creme-1lt.png 2048w, https://www.qmd-aesthetics.com/wp-content/uploads/2024/04/leitfaehige-creme-1lt-433x700.png 433w, https://www.qmd-aesthetics.com/wp-content/uploads/2024/04/leitfaehige-creme-1lt-768x1242.png 768w, https://www.qmd-aesthetics.com/wp-content/uploads/2024/04/leitfaehige-creme-1lt-950x1536.png 950w" sizes="(max-width: 865px) 100vw, 865px" /></figure>
</div>



<div class="wp-block-column is-vertically-aligned-center is-layout-flow wp-block-column-is-layout-flow">
<div class="wp-block-group design-1 has-global-padding is-layout-constrained wp-block-group-is-layout-constrained" style="margin-bottom:0;padding-top:var(--wp--preset--spacing--10);padding-right:var(--wp--preset--spacing--10);padding-bottom:var(--wp--preset--spacing--10);padding-left:var(--wp--preset--spacing--10)">
<h2 class="wp-block-heading alignwide" style="letter-spacing:-0.02em">Eigenschaften</h2>



<ul>
<li><strong>Anwendung:</strong> Perfekt geeignet für verschiedene ästhetische und medizinische Anwendungen, darunter Radiofrequenz und Tecar.</li>



<li><strong>Nicht abspülen:</strong> Diese spezielle Creme muss nach der Anwendung nicht abgespült werden, was den Komfort für den Anwender erhöht.</li>



<li><strong>Verfügbar in 1 Lt oder 5 Lt:</strong> Wählen Sie die passende Größe für Ihre Bedürfnisse – ob im handlichen 1 Lt Behälter oder im großzügigen 5 Lt Behälter.</li>
</ul>



<h2 class="wp-block-heading">Anwendung</h2>



<p>Tragen Sie die leitfähige Creme großzügig auf die zu behandelnde Stelle auf, um eine optimale elektrische Leitfähigkeit zu gewährleisten. Die Creme benötigt nach der Anwendung kein Abspülen.</p>
</div>
</div>
</div>



<div class="wp-block-group alignfull has-accent-2-background-color has-background has-global-padding is-layout-constrained wp-block-group-is-layout-constrained" style="padding-top:var(--wp--preset--spacing--50);padding-bottom:var(--wp--preset--spacing--50)">
<h2 class="wp-block-heading has-text-align-center has-base-2-color has-text-color has-link-color wp-elements-b30c36cff37581caea9eaef7ff5c79db">Professionalität und Effizienz</h2>



<h3 class="wp-block-heading has-text-align-center">unserer leitfähigen Creme für ästhetische Geräte – für eine reibungslose und angenehme Anwendung in Ihrer Praxis</h3>
</div>

<p>Leitfähige Creme für ästhetische Geräte Unsere leitfähige Creme für ästhetische und medizinische Anwendungen – eine perfekte Ergänzung für Technologien wie Radiofrequenz und Tecar. Jetzt in zwei praktischen Größen erhältlich: 1 Lt für den täglichen Bedarf und 5 Lt für umfangreichere Anwendungen. Eigenschaften Anwendung Tragen Sie die leitfähige Creme großzügig auf die zu behandelnde Stelle auf, [&hellip;]</p>
